{"id":1214,"date":"2022-07-18T19:51:20","date_gmt":"2022-07-18T18:51:20","guid":{"rendered":"http:\/\/www.gcoecv.at\/?page_id=1214"},"modified":"2023-03-23T12:20:27","modified_gmt":"2023-03-23T11:20:27","slug":"golf-kulturwoche-oberoesterreich-28-07-31-07","status":"publish","type":"page","link":"https:\/\/www.gcoecv.at\/?page_id=1214","title":{"rendered":"Golf- &#038; Kulturwoche Ober\u00f6sterreich 27.07. &#8211; 30.07. 2023"},"content":{"rendered":"<p>Auch heuer hat sich unser Pr\u00e4sident, Hansi Enzinger, wieder ein tolles Programm f\u00fcr Euch \u00fcberlegt. Sowohl den golferischen, als auch den kulturellen Gen\u00fcssen wird Gen\u00fcge getan.<\/p>\n<p>Weitere Informationen folgen<\/p>\n","protected":false},"excerpt":{"rendered":"<p>Auch heuer hat sich unser Pr\u00e4sident, Hansi Enzinger, wieder ein tolles Programm f\u00fcr Euch \u00fcberlegt. Sowohl den golferischen, als auch den kulturellen Gen\u00fcssen wird Gen\u00fcge getan. Weitere Informationen folgen<\/p>\n","protected":false},"author":1,"featured_media":1264,"parent":1184,"menu_order":0,"comment_status":"closed","ping_status":"closed","template":"","meta":[],"_links":{"self":[{"href":"https:\/\/www.gcoecv.at\/index.php?rest_route=\/wp\/v2\/pages\/1214"}],"collection":[{"href":"https:\/\/www.gcoecv.at\/index.php?rest_route=\/wp\/v2\/pages"}],"about":[{"href":"https:\/\/www.gcoecv.at\/index.php?rest_route=\/wp\/v2\/types\/page"}],"author":[{"embeddable":true,"href":"https:\/\/www.gcoecv.at\/index.php?rest_route=\/wp\/v2\/users\/1"}],"replies":[{"embeddable":true,"href":"https:\/\/www.gcoecv.at\/index.php?rest_route=%2Fwp%2Fv2%2Fcomments&post=1214"}],"version-history":[{"count":3,"href":"https:\/\/www.gcoecv.at\/index.php?rest_route=\/wp\/v2\/pages\/1214\/revisions"}],"predecessor-version":[{"id":1258,"href":"https:\/\/www.gcoecv.at\/index.php?rest_route=\/wp\/v2\/pages\/1214\/revisions\/1258"}],"up":[{"embeddable":true,"href":"https:\/\/www.gcoecv.at\/index.php?rest_route=\/wp\/v2\/pages\/1184"}],"wp:featuredmedia":[{"embeddable":true,"href":"https:\/\/www.gcoecv.at\/index.php?rest_route=\/wp\/v2\/media\/1264"}],"wp:attachment":[{"href":"https:\/\/www.gcoecv.at\/index.php?rest_route=%2Fwp%2Fv2%2Fmedia&parent=1214"}],"curies":[{"name":"wp","href":"https:\/\/api.w.org\/{rel}","templated":true}]}}